e units digit of i?
9
Let k be 4/1*13/26. What is the units digit of (k - 5 - 0) + 4?
1
Let w = -17 - -11. Let p be 6*(-2 + (-14)/w). Suppose 2*s = 4*s - 2*t - 8, p*s + 5*t = 22. What is the units digit of s?
6
Suppose c = 2*r + 2, 4*r + 2*c - 4 = -r. Suppose -5*m + 8*m = r. Let j = 1 + m. What is the units digit of j?
1
Suppose 0 = 5*h - 2*y - 81, -4 = -2*h - 4*y + 14. Suppose h = 3*b - 3. What is the units digit of b?
6
Let j(c) = -c**2 + 26*c + 4. What is the units digit of j(10)?
4
Let r = -4 + 4. Suppose 5*n = -r*n + 55. What is the tens digit of n?
1
Let v(j) = -3*j + 14. Let c be v(3). Let b = -4 + 7. Suppose -b*r + 3*n = -45, 2*r - 1 = -c*n + 1. What is the units digit of r?
1
Suppose -3*x + 2*x = -1. Let u be -2*x*15/(-6). What is the units digit of u - (-1 - -2)*-1?
6
Let i = -1 + 0. Let w be (19 + -2)/(0 + i). Let y = -10 - w. What is the units digit of y?
7
Let j = 16 + -26. What is the units digit of ((-65)/j)/((-2)/(-4))?
3
Suppose 0 = -6*x + 309 + 201. What is the tens digit of x?
8
Suppose -2*y = 1 - 57. What is the units digit of y?
8
Let u(n) = -n**2 + 12*n - 14. Let f be u(11). Let b be (f/(-2))/((-3)/(-4)). Suppose 21 + 5 = b*q. What is the tens digit of q?
1
Suppose -c + 54 = -2*c. Let n = -20 - c. What is the units digit of n?
4
Let s = 1 - 2. Let w(m) = -6*m - 1. What is the units digit of w(s)?
5
Let v(j) = -j**3 - 2*j**2 - 3. Let u be v(-3). Let d be (-50)/u - (-1)/3. What is the units digit of (-3)/(-4) + (-42)/d?
6
Suppose 5*x - 4*x - 4 = 0, -2*x + 172 = 4*o. Suppose -37 - o = -3*q. What is the tens digit of q?
2
Let h(k) = -k - 2*k - 3*k + 4*k - 8. What is the units digit of h(-6)?
4
Let y(z) = z + 5. Let m be y(-4). Let v(k) = -k**2 - k - 1. Let n(t) = 6*t**2 + 3*t + 3. Let d(u) = m*n(u) + 4*v(u). What is the units digit of d(2)?
5
Suppose -2*r + 25 = -r. Suppose r = 2*k + 3*k. Let w = k - -4. What is the units digit of w?
9
Suppose 0 = -5*n - 0*n - 4*f + 1645, 987 = 3*n - 3*f. What is the tens digit of n?
2
Let j(m) = 3*m**3 - 4*m**2 + 8*m - 11. What is the units digit of j(3)?
8
Let v(h) = 5*h + 14. Let p(s) = -s**2 - 6*s + 1. Let k be p(-5). What is the units digit of v(k)?
4
Suppose 5*w = -4*d + 4*w + 308, -4*d + w = -300. What is the tens digit of d?
7
Suppose -3*y + 5 = r, 8*r - 3*r - 11 = -y. What is the units digit of r?
2
Let o(v) = -14*v - 2. What is the units digit of o(-3)?
0
What is the units digit of 59/2 + 18/36?
0
Let u(x) = x - 8. Let f be u(8). Suppose -5*v + 2 = -8. Suppose f = -v*w - r - 2, -2*w = w - 2*r - 11. What is the units digit of w?
1
Let r(c) = c**2 + c. What is the units digit of r(6)?
2
Let x be 4/3*(-9)/(-6). Let z(r) = r**2 + r - 1. What is the units digit of z(x)?
5
Suppose -5*u - 3*v + 4*v + 17 = 0, 8 = -4*v. Suppose 2*m - 61 = r, 2*r + u*r = 4*m - 107. What is the units digit of m?
3
Let q = -8 + 16. What is the units digit of (-115)/(-20) - 6/q?
5
Let n(d) = -3*d**2 + 4*d + 8. Let b(t) = 2*t**2 - 3*t - 7. Let s(a) = -4*b(a) - 3*n(a). Let w be s(0). What is the units digit of w/(1 - (0 - 1))?
2
Suppose 5*s + 4 + 6 = 0. Let r be (s - 0) + 1 + 49. What is the units digit of (2/4)/(4/r)?
6
Let z = 39 + 49. What is the units digit of z?
8
Let m = -69 - -302. What is the tens digit of m?
3
What is the tens digit of (15 - 12)/(3/32)?
3
Let g(s) = 7*s + 5. Let i be g(-7). Let p be (-4)/10 + i/(-10). Suppose -45 = -p*w - w. What is the units digit of w?
9
Let f(q) = -q**3 + 3*q**2 - q - 1. Let j be f(2). Let n be (-7)/j*2/2. Let d(r) = -2*r - 6. What is the units digit of d(n)?
8
Suppose -3*j + d = 92, 2*j - 2*d + 64 = 8. Let i = -4 - j. What is the tens digit of i?
2
Let j(x) = 2*x**2 - 4*x + 2. Let s be j(2). Suppose q - s*q + 12 = 0. What is the tens digit of q?
1
Let v(o) = -o**3 - o**2 + o + 32. What is the tens digit of v(0)?
3
Suppose 0 = -4*q + 2*f + 308, -2*q - 2*q + 4*f = -304. What is the units digit of q?
8
What is the units digit of ((-2)/(-3))/((-8)/(-84))?
7
Suppose -3*i - 280 = -4*k + 2*i, i - 350 = -5*k. What is the units digit of k?
0
Let q = -459 + 674. What is the tens digit of q?
1
Let i(a) = 9*a - 8. What is the units digit of i(6)?
6
Let r = -5 + 5. Suppose 4*m = -r + 4. Suppose -f + 3 = m. What is the units digit of f?
2
Let l(z) = z**3 - 9*z**2 + 9*z - 4. Let a be l(8). Suppose 5*w = -4*g + 60, -80 = -g - a*g - 5*w. Suppose b = -3*b + g. What is the units digit of b?
5
Suppose 2*n = f - 3*n - 7, -2*n = 2. Suppose -30 = -5*c + f*c. Suppose 7 = -4*d - 2*g + 17, -2*d = -4*g - c. What is the units digit of d?
3
Suppose 4*n - 55 - 1 = 0. Suppose -n = -4*v - 2. What is the units digit of v?
3
Let v = 1 - 3. Let l be (12/9)/(v/(-3)). Suppose 2*k = 3*k - l. What is the units digit of k?
2
Suppose 0 = -2*p + 1 - 3. Let h(f) = -19*f + 6. Let g(n) = -18*n + 5. Let a(k) = 5*g(k) - 4*h(k). What is the tens digit of a(p)?
1
Let q = -1 - -3. Suppose 3*x - 40 = -q*x. What is the units digit of x?
8
Let y be (-12 - -13)*(1 + -4). What is the units digit of (-114)/y - 0/(-2)?
8
Suppose -t + 6*t = 0. Let g be (16/2)/(4/8). Suppose -b + g = -t*b. What is the tens digit of b?
1
Let k be (12 + -2)/(2/4). Suppose -d + 13 = -o - 0*o, -5*d - k = 0. Let s = o - -26. What is the units digit of s?
9
Let q(b) = 2*b + 4 + 4 - b - 4. What is the tens digit of q(9)?
1
Let j(y) be the third derivative of -y**4/24 - y**3/3 - y**2. Let q be j(-5). Suppose 4*f - q*n = -5*n + 18, -4*f + 38 = -2*n. What is the units digit of f?
7
Let g(p) = -12*p - 3. Let r be g(-2). Let f = r - 8. What is the units digit of f?
3
Let p = 2 + 2. Let g = p + -5. Let d(z) = 5*z**2. What is the units digit of d(g)?
5
Suppose 13*q = 3191 - 851. What is the units digit of q?
0
Suppose 0 = 3*u + 4*b - 100, -u + 2*b - 5 + 25 = 0. What is the units digit of u?
8
Let f = -3 - -5. Let a be 1 - f/(-2) - 3. What is the tens digit of ((-52)/8)/(a/2)?
1
Let q(k) = k**3 - 6*k**2 + 6*k. Let z be q(4). Let w = z - -11. Suppose 0 = w*s - 5*c - 46, 3*s - 25 = 2*c + 6. What is the units digit of s?
7
Suppose 3*k = 3*i + 15, 5*k + 0*k = 3*i + 17. Suppose 0 = -f - 6 - 0. Let y = k - f. What is the units digit of y?
7
Let z be (-97)/9 - 4/18. Let p = 17 + z. What is the units digit of p?
6
Suppose 0*j + 3*j - 150 = 0. Suppose 7 = -3*p - 5*a - 6, 4*a + 8 = -3*p. Suppose 9*v - 4*v - j = 5*m, p*m = 2*v - 12. What is the tens digit of v?
1
Let t(a) = -a + 18. What is the units digit of t(14)?
4
Suppose 440 = 4*q + f, q + 4*q = -f + 551. Suppose 2*l - 5*l = -q. What is the tens digit of l?
3
Suppose i + 0*i + 2 = 0. Let g = 1 - i. Suppose 31 = 4*f + g. What is the units digit of f?
7
Suppose r - 446 = -5*p - 2*r, 0 = p - r - 94. What is the tens digit of p?
9
Suppose 0*r - 76 = -2*r. Let p = r + -24. Suppose -4*n + 0*n + p = 2*b, 2*n = -5*b + 11. What is the units digit of n?
3
Let s = 163 + 61. What is the tens digit of s?
2
Let u = -6 - -9. Let y be (1*u)/(1/1). Suppose -y = -3*t + 2*t. What is the units digit of t?
3
Suppose 2 = -0*j + 2*j + 4*u, 5*j - 19 = 4*u. Let i = 5 - j. What is the units digit of i?
2
Let a(c) = 8 + 2 + 2 + c. Let l be a(-9). Suppose -7*s + 40 = -l*s. What is the units digit of s?
0
Let s be (-1)/(-2) + 13/2. Let v = -31 + 37. Let k = s - v. What is the units digit of k?
1
Let w(z) be the first derivative of z**3/3 - 2*z**2 - 24*z + 9. What is the units digit of w(10)?
6
Let k(r) = 2*r**2 + 11. What is the units digit of k(-6)?
3
Let v(a) = a**2 + 9*a + 16. What is the units digit of v(-8)?
8
Suppose -p = -1 - 2. Let b be -3*60/(-27)*p. Let g = 30 - b. What is the tens digit of g?
1
Suppose -29 = -2*d - 1. Suppose 0 = -q + 2*a - 2, 3*q - 5*a + 3*a - d = 0. What is the units digit of q?
8
What is the tens digit of 53/(-4)*1*(-12)/3?
5
Let r(v) = -v**3 + 5*v**2 + 3*v. What is the units digit of r(5)?
5
Let d(a) = 9*a**3 - 3*a**2 + 5*a. What is the tens digit of d(2)?
7
Suppose -2*m + 65 + 127 = 0. What is the tens digit of m?
9
Let d(w) = w + 72. What is the units digit of d(-12)?
0
Let q = 7 + -3. Suppose -5*a + 0*g + g + q = 0, 0 = -4*g + 4. What is the units digit of 4/a - 4/(-4)?
5
What is the hundreds digit of -6 + 11 - 116/(-1)?
1
Let a(t) = t**3 - 6*t**2 - 5*t + 2. Let l(n) = 2*n - 13. Let w be l(9). Suppose i + w = 12. What is the units digit of a(i)?
6
Suppose -6*j = -7*j + 69. Suppose 78 = 5*m - w, -4*w = 